he ten thousands digit of 20525825?
2
What is the hundred thousands digit of 35799664?
7
What is the hundred thousands digit of 2109959?
1
What is the millions digit of 5316757?
5
What is the hundreds digit of 473766?
7
What is the thousands digit of 835921?
5
What is the tens digit of 223721?
2
What is the ten thousands digit of 222494?
2
What is the units digit of 9583021?
1
What is the tens digit of 3944666?
6
What is the thousands digit of 8829732?
9
What is the ten thousands digit of 929913?
2
What is the tens digit of 97200?
0
What is the ten thousands digit of 662568?
6
What is the ten thousands digit of 701227?
0
What is the hundreds digit of 528229?
2
What is the thousands digit of 1393171?
3
What is the tens digit of 2684?
8
What is the millions digit of 2311763?
2
What is the units digit of 1398820?
0
What is the ten thousands digit of 47892?
4
What is the units digit of 3281027?
7
What is the ten thousands digit of 87261?
8
What is the hundreds digit of 1128484?
4
What is the units digit of 995897?
7
What is the hundreds digit of 38178523?
5
What is the units digit of 275406?
6
What is the hundred thousands digit of 5732593?
7
What is the tens digit of 227825?
2
What is the millions digit of 12384080?
2
What is the hundreds digit of 322939?
9
What is the tens digit of 136226?
2
What is the tens digit of 34638211?
1
What is the hundreds digit of 15399073?
0
What is the units digit of 323623?
3
What is the ten thousands digit of 154661?
5
What is the millions digit of 2114893?
2
What is the ten millions digit of 14719573?
1
What is the thousands digit of 1329215?
9
What is the ten millions digit of 11208825?
1
What is the hundreds digit of 735845?
8
What is the units digit of 2093956?
6
What is the hundreds digit of 226438?
4
What is the ten thousands digit of 280758?
8
What is the hundred thousands digit of 26181803?
1
What is the thousands digit of 2498544?
8
What is the ten thousands digit of 31154?
3
What is the ten thousands digit of 4204203?
0
What is the ten thousands digit of 2955138?
5
What is the thousands digit of 20424?
0
What is the thousands digit of 13782360?
2
What is the hundreds digit of 2357353?
3
What is the units digit of 6771154?
4
What is the hundreds digit of 88310?
3
What is the units digit of 11878344?
4
What is the millions digit of 8966987?
8
What is the tens digit of 17369273?
7
What is the units digit of 258743?
3
What is the thousands digit of 270577?
0
What is the tens digit of 5147?
4
What is the tens digit of 152837?
3
What is the thousands digit of 3999770?
9
What is the thousands digit of 10970819?
0
What is the hundred thousands digit of 180860?
1
What is the units digit of 840000?
0
What is the hundred thousands digit of 399485?
3
What is the tens digit of 664644?
4
What is the tens digit of 11647556?
5
What is the millions digit of 6112687?
6
What is the units digit of 3307315?
5
What is the ten thousands digit of 369851?
6
What is the ten thousands digit of 1328574?
2
What is the tens digit of 72755?
5
What is the ten thousands digit of 455535?
5
What is the hundred thousands digit of 242197?
2
What is the units digit of 19184730?
0
What is the units digit of 1549084?
4
What is the hundreds digit of 11026?
0
What is the ten thousands digit of 92799?
9
What is the thousands digit of 10497985?
7
What is the hundreds digit of 15763130?
1
What is the millions digit of 5918206?
5
What is the tens digit of 242686?
8
What is the ten thousands digit of 8662202?
6
What is the ten millions digit of 12933669?
1
What is the units digit of 13288?
8
What is the thousands digit of 754439?
4
What is the thousands digit of 7019624?
9
What is the thousands digit of 5151933?
1
What is the millions digit of 12763921?
2
What is the thousands digit of 101348?
1
What is the ten thousands digit of 316240?
1
What is the ten thousands digit of 147484?
4
What is the millions digit of 2716522?
2
What is the millions digit of 1062218?
1
What is the hundred thousands digit of 4247479?
2
What is the hundreds digit of 3045900?
9
What is the units digit of 10218482?
2
What is the thousands digit of 4291990?
1
What is the ten thousands digit of 138718?
3
What is the hundred thousands digit of 415981?
4
What is the ten thousands digit of 919572?
1
What is the ten thousands digit of 159263?
5
What is the tens digit of 5492217?
1
What is the hundreds digit of 15492160?
1
What is the units digit of 26820675?
5
What is the ten millions digit of 35355617?
3
What is the ten thousands digit of 94319?
9
What is the tens digit of 245935?
3
What is the tens digit of 600350?
5
What is the ten thousands digit of 955977?
5
What is the ten thousands digit of 430941?
3
What is the thousands digit of 8518?
8
What is the tens digit of 2990141?
4
What is the thousands digit of 5827?
5
What is the ten thousands digit of 616921?
1
What is the tens digit of 2352457?
5
What is the ten millions digit of 10506014?
1
What is the hundreds digit of 218279?
2
What is the tens digit of 549121?
2
What is the hundreds digit of 1418887?
8
What is the thousands digit of 673339?
3
What is the ten thousands digit of 1761375?
6
What is the thousands digit of 65073?
5
What is the thousands digit of 320206?
0
What is the thousands digit of 870493?
0
What is the ten thousands digit of 1613337?
1
What is the tens digit of 3358575?
7
What is the hundreds digit of 20325721?
7
What is the hundreds digit of 740582?
5
What is the millions digit of 19491824?
9
What is the thousands digit of 2796703?
6
What is the ten millions digit of 17922361?
1
What is the millions digit of 11942507?
1
What is the thousands digit of 11493899?
3
What is the units digit of 788402?
2
What is the tens digit of 224559?
5
What is the tens digit of 5093711?
1
What is the thousands digit of 523148?
3
What is the units digit of 22348640?
0
What is the hundreds digit of 23423446?
4
What is the tens digit of 353848?
4
What is the ten thousands digit of 105531?
0
What is the tens digit of 242453?
5
What is the hundred thousands digit of 1266268?
2
What is the millions digit of 8347122?
8
What is the hundreds digit of 197018?
0
What is the hundreds digit of 233577?
5
What is the thousands digit of 10317272?
7
What is the ten thousands digit of 2080617?
8
What is the hundreds digit of 14370245?
2
What is the millions digit of 2539484?
2
What is the hundred thousands digit of 5360222?
3
What is the tens digit of 30892305?
0
What is the hundreds digit of 332683?
6
What is the ten millions digit of 26456934?
2
What is the units digit of 30987949?
9
What is the hundreds digit of 817774?
7
What is the millions digit of 1402397?
1
What is the hundred thousands digit of 394165?
3
What is the ten thousands digit of 206386?
0
What is the hundred thousands digit of 850251?
8
What is the hundreds digit of 456408?
4
What is the hundreds digit of 46762?
7
What is the units digit of 463251?
1
What is the hundred thousands digit of 6073476?
0
What is the tens digit of 14638057?
5
What is the thousands digit of 451211?
1
What is the units digit of 164877?
7
What is the ten thousands digit of 3780097?
8
What is the units digit of 957476?
6
What is the ten thousands digit of 8561579?
6
What is the tens digit of 4605485?
8
What is the tens digit of 20494419?
1
What is the tens digit of 608956?
5
What is the thousands digit of 216800?
6
What is the hundreds digit of 1417589?
5
What is the hundred thousands digit of 25425252?
4
What is the tens digit of 4006001?
0
What is the ten thousands digit of 169622?
6
What is the units digit of 2401007?
7
What is the ten millions digit of 19801006?
1
What is the units digit of 1724922?
2
What is the tens digit of 1403199?
9
What is the thousands digit of 942035?
2
What is the hundred thousands digit of 17420232?
4
What is the hundreds digit of 346421?
4
What is the tens digit of 16380204?
0
What is the ten thousands digit of 2977008?
7
What is the hundreds digit of 705892?
8
What is the tens digit of 2353593?
9
What is the millions digit of 4267946?
4
What is the hundred thousands digit of 18187694?
1
What is the hundred thousands digit of 9367418?
3
What is the ten thousands digit of 5868804?
6
What is the ten thousands digit of 967506?
6
What is the millions digit of 3669388?